rue
Is 10 a factor of 428920004?
False
Is 10 a factor of 12347028?
False
Is 367 a factor of 3579351?
True
Does 7865 divide 2958065825?
True
Is 9 a factor of 114757821?
True
Is 493782 a multiple of 94?
True
Is 239 a factor of 119992579?
True
Is 952 a factor of 200969089?
False
Is 64315482 a multiple of 3814?
True
Is 26 a factor of 222063556?
True
Does 7 divide 211123136?
True
Does 165 divide 113318040?
True
Does 2 divide 4045880?
True
Does 444 divide 341557782?
False
Is 22 a factor of 83008602?
False
Is 1016 a factor of 14110567?
False
Is 45395918 a multiple of 2139?
False
Does 12 divide 94894392?
True
Does 216 divide 1491918556?
False
Does 44 divide 275807993?
False
Does 673 divide 1596255062?
False
Is 19 a factor of 736758478?
True
Is 61 a factor of 206746635?
False
Is 10948659 a multiple of 3027?
True
Is 4770880 a multiple of 20?
True
Does 2652 divide 405119520?
True
Is 94791621 a multiple of 183?
True
Does 3899 divide 1024980758?
False
Does 121 divide 464909262?
False
Is 19349194 a multiple of 10?
False
Does 85 divide 17371025?
True
Is 5906087 a multiple of 27?
False
Does 5 divide 145837650?
True
Does 3483 divide 52088404?
False
Is 239292763 a multiple of 4512?
False
Is 38319262 a multiple of 301?
False
Is 91296601 a multiple of 1395?
False
Is 27 a factor of 3189996?
True
Does 74 divide 200951694?
False
Is 2196189436 a multiple of 287?
True
Is 6342528 a multiple of 1138?
False
Does 2278 divide 13287607?
False
Does 117 divide 2270632145?
False
Is 533 a factor of 2264043288?
True
Does 41 divide 318903084?
True
Is 75 a factor of 87157903?
False
Is 25046580 a multiple of 260?
True
Is 463901569 a multiple of 44?
False
Is 11022 a factor of 1756421832?
True
Is 639098213 a multiple of 27?
False
Is 463859838 a multiple of 78?
True
Is 137621566 a multiple of 17?
False
Is 157735897 a multiple of 11?
True
Does 183 divide 26951895?
False
Does 23 divide 62630078?
False
Does 5 divide 213969393?
False
Is 4 a factor of 65424106?
False
Is 1000439 a multiple of 44?
False
Does 17 divide 15066284?
True
Does 4361 divide 26612169?
False
Is 14372841 a multiple of 14?
False
Is 243162794 a multiple of 49?
True
Is 60 a factor of 137425615?
False
Is 706 a factor of 134320369?
False
Is 56738791 a multiple of 52?
False
Does 121 divide 859485050?
False
Is 4667 a factor of 95258412?
False
Is 7395 a factor of 466132518?
False
Is 2055740 a multiple of 82?
True
Is 1847474586 a multiple of 8347?
False
Does 502 divide 1480595428?
False
Does 11 divide 14175370?
True
Is 21 a factor of 74773272?
True
Is 9 a factor of 38147517?
True
Is 325578482 a multiple of 8136?
False
Is 76 a factor of 312142?
False
Does 118 divide 1209542879?
False
Is 27023436 a multiple of 989?
True
Is 167186239 a multiple of 10?
False
Is 13417066 even?
True
Is 160 a factor of 134234400?
True
Is 38962912 a multiple of 32?
True
Does 52 divide 3098850248?
True
Does 45 divide 499172566?
False
Is 159 a factor of 44458443?
False
Does 49 divide 355003165?
False
Does 3833 divide 238987550?
True
Is 145533531 a multiple of 429?
True
Is 56 a factor of 220050040?
True
Does 327 divide 3744885096?
True
Is 23 a factor of 12154907?
False
Does 191 divide 1459759299?
False
Is 1912182144 a multiple of 12?
True
Does 10 divide 5788880?
True
Does 29 divide 538640012?
False
Does 11 divide 30411292?
False
Is 28 a factor of 29299200?
True
Is 128544912 a multiple of 24?
True
Is 15690624 a multiple of 192?
True
Is 55 a factor of 923153055?
True
Is 24357468 a multiple of 94?
True
Does 41 divide 86464490?
True
Is 56759152 a multiple of 16?
True
Is 182 a factor of 965359122?
True
Does 13 divide 40788649?
False
Is 70489394 a multiple of 5?
False
Is 314454240 a multiple of 274?
False
Is 22 a factor of 1811769696?
True
Does 931 divide 32514539?
False
Is 5 a factor of 546415643?
False
Is 13 a factor of 406761199?
True
Is 2422 a factor of 332253939?
False
Does 15 divide 88727475?
True
Does 101 divide 123031709?
False
Is 70536046 a multiple of 1602?
False
Is 44100670 a multiple of 26?
False
Does 358 divide 7577404?
False
Is 160662099 a multiple of 39?
True
Does 10078 divide 3711223434?
False
Is 1078588603 a multiple of 213?
False
Is 128 a factor of 27599374?
False
Is 22091937 a multiple of 23?
True
Is 676 a factor of 96776523?
False
Is 111 a factor of 45283388?
False
Does 564 divide 1518792216?
True
Is 38271420 a multiple of 990?
True
Does 195 divide 12077839?
False
Does 21 divide 2913923?
False
Is 7005 a factor of 53756370?
True
Does 13 divide 791199981?
True
Does 328 divide 19660976?
True
Is 64041040 a multiple of 952?
True
Does 7 divide 953298757?
False
Does 1339 divide 1139440277?
False
Does 2110 divide 626996417?
False
Does 354 divide 1748580017?
False
Does 23 divide 3338473?
True
Does 681 divide 35076948?
True
Is 40723823 a multiple of 23?
True
Is 10 a factor of 44335205?
False
Is 13 a factor of 106244885?
False
Is 5 a factor of 51156850?
True
Is 11774136 a multiple of 188?
False
Does 1549 divide 53440363?
False
Is 8405494 a multiple of 59?
True
Is 846006122 a multiple of 131?
True
Is 974340 a multiple of 15?
True
Is 26 a factor of 992266192?
False
Does 45 divide 132273751?
False
Does 15 divide 585489364?
False
Is 780 a factor of 14083624?
False
Is 31 a factor of 29027191?
True
Does 12 divide 1022004?
True
Is 1529941 a multiple of 61?
True
Does 1807 divide 32251520?
False
Is 6991628 a multiple of 172?
True
Is 35 a factor of 47907995?
False
Is 7102664 a multiple of 8?
True
Is 145216227 a multiple of 13?
True
Is 207 a factor of 40439789?
False
Does 109 divide 6697941?
True
Is 1857240 a multiple of 280?
True
Does 6 divide 10534842?
True
Is 1241 a factor of 3273680983?
False
Is 169050998 a multiple of 300?
False
Does 10 divide 24422330?
True
Is 9 a factor of 59963570?
False
Is 756 a factor of 1637790575?
False
Is 1609167144 a multiple of 91?
False
Is 360 a factor of 12827026?
False
Is 28 a factor of 402024084?
True
Is 187612436 a multiple of 524?
True
Is 3588977821 a multiple of 295?
False
Does 11 divide 3992340?
True
Is 95114044 a multiple of 277?
True
Is 88999382 a multiple of 19?
True
Does 46 divide 419141249?
False
Does 61 divide 172280998?
False
Is 566109989 a multiple of 54?
False
Is 5 a factor of 61802255?
True
Does 381 divide 63575565?
True
Is 843 a factor of 51720300?
False
Is 5 a factor of 1357375?
True
Is 65 a factor of 23881910?
True
Is 29 a factor of 640170186?
True
Is 375 a factor of 5464125?
True
Is 116621887 a multiple of 12?
False
Is 3068709 a multiple of 19?
True
Is 82472619 a multiple of 63?
False
Is 26 a factor of 35848644?
True
Is 3235 a factor of 40748085?
False
Is 939 a factor of 99182814?
True
Is 96 a factor of 580503552?
True
Is 32181065 a multiple of 623?
True
Is 27 a factor of 2699020521?
True
Is 786 a factor of 21877374?
False
Is 131309220 a multiple of 30?
True
Is 1124267311 a multiple of 17?
False
Is 41 a factor of 309885061?
False
Does 13 divide 121424615?
True
Is 55693440 a multiple of 396?
True
Is 36 a factor of 397710241?
False
Is 8 a factor of 4045461370?
False
Is 579384425 a multiple of 1475?
True
Is 69 a factor of 1715607582?
True
Is 408 a factor of 910890535?
False
Does 117 divide 62990106?
False
Is 9 a factor of 342374030?
False
Does 9 divide 1599653448?
True
Does 871 divide 11996283?
True
Is 331574993 a multiple of 373?
True
Is 457 a factor of 237260304?
False
Is 27466806 a multiple of 186?
True
Is 23330988 a multiple of 36?
True
Is 23403261 a multiple of 3241?
True
Is 5136856179 a multiple of 91?
True
Is 135574467 a multiple of 743?
True
Is 2978 a factor of 1645251871?
False
Is 162 a factor of 398616216?
False
Is 41935200 a multiple of 150?
True
Is 418 a factor of 1461139622?
False
Is 11 a factor of 29699390?
False
Is 3301 a factor of 34699278?
False
Does 257 divide 31088057?
False
Is 16 a factor of 1844380?
False
Is 802 a factor of 63148544?
False
Is 31851380 a multiple of 452?
False
Is 195424458 a multiple of 740?
False
Does 23 divide 766797?
True
Is 69970368 a multiple of 1552?
True
Is 34717248 a multiple of 9?
True
Is 95770161 a multiple of 1269?
True
Is 2682858 a multiple of 76?
False
Is 766809557 a multiple of 2118?
False
Is 18 a factor of 853449678?
True
Does 90 divide 258561837?
False
Is 136 a factor of 309454808?
True
Is 42153379 a multiple of 309?
False
Is 1036986782 a multiple of 215?
